o base 5.
-122311043
Convert -1242013221 (base 5) to base 16.
-2efc12
What is -132473 (base 14) in base 11?
-4104a6
-39ac02 (base 14) to base 5
-1002122020
Convert -364a7 (base 14) to base 13.
-484b4
-551300 (base 15) to base 9
-7558100
What is 257440 (base 8) in base 13?
31bb6
Convert -89a15 (base 11) to base 14.
-356d7
What is -1202233221 (base 4) in base 5?
-100420312
Convert -250475 (base 9) to base 6.
-3124235
10111000001001000011 (base 2) to base 4
2320021003
Convert -213211124 (base 6) to base 5.
-1432440002
Convert c13e (base 16) to base 2.
1100000100111110
1011101000100 (base 2) to base 15
1b71
What is 11111000000110100101 (base 2) in base 3?
1220122000010
2144221 (base 5) to base 3
1220100112
Convert -1973970 (base 11) to base 8.
-14545232
Convert -2078589 (base 12) to base 7.
-103055610
What is -95617 (base 16) in base 15?
-c145d
Convert -2263866 (base 9) to base 8.
-4525111
-28aa34 (base 12) to base 2
-10100110100101001000
Convert 120231311 (base 4) to base 5.
11214422
13c459 (base 13) to base 6
14213054
What is -42355132 (base 6) in base 14?
-2454d2
What is 100a (base 14) in base 9?
3700
Convert -4030020 (base 5) to base 6.
-1214025
-110011111010011001 (base 2) to base 15
-43008
What is 333203 (base 9) in base 6?
4134050
What is 1021000211110 (base 3) in base 15?
d3703
Convert -291d03 (base 15) to base 7.
-22556400
What is 3532712 (base 10) in base 12?
1224488
What is 362168 (base 11) in base 15?
b5071
257431 (base 13) to base 6
31153314
What is 1111101200 (base 6) in base 5?
11043420333
What is -cc21 (base 14) in base 15?
-a6de
Convert 10211013 (base 4) to base 5.
1100014
-10311323400 (base 5) to base 2
-101010000111111000101110
What is 6bab6 (base 14) in base 2?
1000000001010010000
1b5b81b (base 12) to base 5
2444100444
Convert -63c61a (base 14) to base 8.
-14702300
Convert -64165 (base 13) to base 12.
-8849a
-216418 (base 9) to base 15
-284ee
What is -10a8c4a (base 15) in base 16?
-b5fc75
222000200120 (base 3) to base 10
512259
Convert 466899 (base 10) to base 3.
212201110120
-32bbb (base 14) to base 3
-20020210200
b3a4 (base 14) to base 3
1120102001
Convert 4d9751 (base 15) to base 14.
6d068b
What is -1503413404 (base 6) in base 14?
-2696392
What is 2c488 (base 13) in base 14?
229d8
331051 (base 8) to base 6
2214321
What is 750804 (base 10) in base 5?
143011204
-546545 (base 7) to base 3
-11212122122
What is -275676 (base 9) in base 8?
-510441
-101333002130 (base 4) to base 12
-16b4478
125302 (base 7) to base 4
11232301
What is -1079c6 (base 15) in base 5?
-200111321
What is -79345 (base 12) in base 14?
-42a57
57a2c (base 13) to base 4
213002220
Convert 2a046 (base 15) to base 4.
200332122
Convert -6f598 (base 16) to base 12.
-19bb34
-1021201121222 (base 3) to base 15
-d77db
What is -20a70a (base 13) in base 11?
-483356
Convert 1a97747 (base 13) to base 3.
121120202201120
Convert 10223311 (base 5) to base 16.
15041
What is 211030112230 (base 4) in base 6?
544550324
14304230 (base 5) to base 10
150565
Convert 100101110000111110 (base 2) to base 7.
1212660
20bb6b (base 15) to base 2
101111100011110110011
-211330 (base 6) to base 13
-7a94
-5103807 (base 12) to base 8
-71732307
Convert 1431351 (base 6) to base 12.
3b557
Convert -2554152 (base 10) to base 14.
-4a6b56
Convert 2215064 (base 7) to base 2.
1000010101010110010
3244031 (base 5) to base 9
85008
What is 12428 (base 15) in base 8?
161711
What is -22414555 (base 6) in base 2?
-10100111101001000111
-100302013232 (base 4) to base 14
-8274d0
Convert 1757251 (base 8) to base 4.
1331322221
Convert -41234 (base 9) to base 16.
-6a1e
Convert -11100000001011000 (base 2) to base 5.
-12133101
What is 306c1 (base 15) in base 12?
7493a
Convert -955883 (base 11) to base 4.
-11311220022
What is -2b11c (base 13) in base 6?
-1425123
85434 (base 12) to base 11
10a652
What is -3f000 (base 16) in base 5?
-31224143
What is 221604 (base 10) in base 14?
5aa8c
615497 (base 15) to base 7
54211234
Convert -121120222221211 (base 3) to base 14.
-125777a
Convert -110000201120 (base 3) to base 12.
-b4bb0
Convert 132120021 (base 7) to base 14.
11b0c48
Convert 165560 (base 12) to base 14.
9d664
Convert -15a2b7 (base 12) to base 15.
-74a64
-ac16 (base 13) to base 4
-11313101
What is 110101022000202 (base 3) in base 2?
11001000110011100000110
Convert 22012210202 (base 3) to base 11.
100537
What is -5894c (base 16) in base 6?
-11435432
2196b (base 16) to base 11
94402
23760467 (base 8) to base 9
10758055
Convert -12000202220 (base 3) to base 6.
-2042123
Convert -31303222221 (base 4) to base 10.
-3619497
-1405052 (base 9) to base 8
-2742401
What is -1526345 (base 7) in base 6?
-4250152
-12575a (base 12) to base 2
-1001001001111110110
201040 (base 9) to base 14
31463
11a4275 (base 11) to base 15
2b2a30
a4257a (base 12) to base 14
4b086a
616716 (base 9) to base 11
22a926
423043442 (base 5) to base 15
24e082
Convert 2582520 (base 9) to base 14.
28aa88
10420102 (base 5) to base 7
531636
-132111111003 (base 4) to base 5
-4013423213
40039e (base 15) to base 3
12201100210112
Convert 1140807 (base 9) to base 11.
391943
Convert -85d1a9 (base 14) to base 10.
-4530689
Convert 2013a (base 15) to base 2.
11000110010011010
Convert 4cd07e (base 15) to base 13.
9c214a
Convert -32212110 (base 4) to base 13.
-212a9
What is -162647 (base 11) in base 3?
-110211010210
What is -132301311331 (base 4) in base 10?
-8068477
Convert -2f4a8 (base 16) to base 2.
-101111010010101000
Convert 2886631 (base 13) to base 6.
1135435554
Convert 154568 (base 9) to base 14.
269c9
What is -331a1 (base 16) in base 7?
-1531146
What is 101330100 (base 4) in base 6?
1324120
What is 6a234 (base 14) in base 2?
111111000101000110
Convert 118051 (base 9) to base 16.
11740
What is -e17488 (base 16) in base 2?
-111000010111010010001000
What is -1060501 (base 7) in base 16?
-204cd
What is 12333113231 (base 4) in base 8?
6772755
What is -200144315 (base 6) in base 11?
-19a4353
2a50720 (base 12) to base 9
17103866
3320100221 (base 4) to base 16
f8429
What is -347986 (base 13) in base 2?
-100101111111111001101
d5c812 (base 15) to base 13
214ca84
4111316 (base 9) to base 5
1030123421
Convert -1669968 (base 13) to base 11.
-4100017
What is 478c13 (base 16) in base 12?
16a15ab
What is -120659 (base 12) in base 8?
-1070645
4f257 (base 16) to base 11
201622
What is -37762 (base 14) in base 9?
-226385
-1152450 (base 6) to base 15
-13363
What is 1002120100012 (base 3) in base 8?
2160546
30344040 (base 5) to base 14
65d06
Convert -11100101101000011111001 (base 2) to base 6.
-425140041
What is -13124771 (base 8) in base 2?
-1011001010100111111001
What is 4760108 (base 10) in base 5?
2204310413
3139119 (base 10) to base 8
13763057
Convert -23029 (base 14) to base 2.
-10100110001101101
Convert 89941b (base 12) to base 3.
11010102211012
What is 38b572 (base 13) in base 7?
14423541
b96bb (base 14) to base 11
287060
What is -121124430 (base 5) in base 4?
-2022203002
Convert 4340350 (base 6) to base 13.
76ca7
5515a4 (base 14) to base 7
33344164
Convert -2e9d3 (base 15) to base 9.
-248670
Convert -122201022212 (base 3) to base 2.
-1010101001000011101
What is e5f60 (base 16) in base 8?
3457540
Convert -1201112102 (base 3) to base 7.
-200621
203126 (base 10) to base 5
23000001
9932 (base 11) to base 4
3030233
Convert 77067 (base 11) to base 13.
3bbcc
Convert -589431 (base 10) to base 2.
-10001111111001110111
160a794 (base 13) to base 9
14276867
Convert 36258 (base 12) to base 5.
4313212
Convert -202110000120 (base 3) to base 16.
-623f7
Convert -13a263 (base 13) to base 14.
-c69a5
What is 8611133 (base 9) in base 6?
242513303
11283b7 (base 12) to base 5
1320300213
What is -1001111101100000111 (base 2) in base 3?
-121120202011
1131112 (base 6) to base 15
12555
365563 (base 10) to base 16
593fb
120320 (base 9) to base 13
26c79
406e7 (base 15) to base 8
616443
Convert 33543 (base 6) to base 2.
1001010000111
125747 (base 10) to base 9
211438
-11131002 (base 5) to base 2
-11000001000111101
Convert -19248 (base 15) to base 16.
-13e6e
21111011022011 (base 3) to base 15
538ed7
What is -26cc5 (base 15) in base 6?
-2355505
Convert 672250 (base 10) to base 16.
a41fa
-278020 (base 11) to base 4
-1222100323
82271 (base 16) to base 11
334591
-129a768 (base 12) to base 5
-1421014030
Convert 